11) + 253 + -247.
-4
(276 - 268) + (-32 - (-1 - -1))
-24
Evaluate 2 + 1 + (10 - (-11 + 25)) + -11.
-12
What is -18 + (13 - -16 - 11)?
0
What is the value of (5 - 5) + -4 - -10 - (-5 + 3)?
8
Evaluate 13 + -37 + 39 + 9 + 2.
26
What is the value of (10 - 13) + -6 + 0?
-9
Calculate (-5 - ((-5 - -4 - -6) + -6)) + -6.
-10
What is the value of (31 + 4 - 14) + -10 + 11?
22
-14 + (-5 - (7 + -12))
-14
(10 - -2) + -12 + -19
-19
1 + 6 - (-76 - (-117 + 51))
17
What is the value of (-30 - -62) + -14 + -1 + -13?
4
(21 - 2) + (-85 - -76)
10
Evaluate (24 - 53) + (0 - -10) - (-4 - -3).
-18
(7 - 3) + -3 - (37 + -40)
4
7 + -45 + 15 + 10
-13
What is the value of 21 - (-39 + 67) - (2 + 7)?
-16
(-14 - (2 + -10 - 3)) + 1 + 1
-1
(22 - -1) + -12 - 13
-2
Evaluate -26 - -35 - (-16 - -42).
-17
Calculate 10 - (-7 + 8) - (-2 + 1) - 9.
1
Evaluate 3 + ((-1 - -8) + (3 - -2) - -8).
23
Calculate 23 + (-23 - (-2 + -5)).
7
-1 - 29 - (4 - (-13 + 27))
-20
What is the value of -20 + 0 + 40 + -30?
-10
What is the value of (68 - 87) + 1 + 2 + 8 + -4?
-12
What is the value of (2 - 8) + (28 - 11)?
11
(12 - -2 - 13) + 3 + -1
3
What is 1 + 0 + -17 + (1 - -8)?
-7
-1 + 1 + 2 - (25 + -6)
-17
Evaluate 1 + -2 - (-59 + 56 - (-2 + -24)).
-24
What is -13 - (8 - 2) - -11?
-8
What is -1 + (13 - 16) + -1?
-5
What is 3 - 5 - (-19 + (0 - -7) + -3)?
13
What is -25 + 25 + -6 - -22?
16
What is the value of 1 + -5 + (-2 - (-1 - (1 + 22)))?
18
Calculate 0 + 4 + -1 - 4 - (7 - 13).
5
What is the value of (28 - -4) + -2 + 13 + -23?
20
Evaluate (20 - (-4 + 19 + -4)) + -25.
-16
Evaluate (34 - 23) + -8 + (4 - (12 - 1)).
-4
Evaluate 19 + (-68 - -58) - (2 - -15).
-8
Evaluate -10 + 1 - (-14 + -6 + 15 + 13).
-17
-4 + -5 + -13 + 10
-12
Calculate 6 - (-4 + 3 + 13 + -4).
-2
Evaluate 0 + (1 - 2) - (10 - 10).
-1
(-1 - -3) + 1 + -10 - (3161 + -3152)
-16
What is -32 + -9 - (-4 + -2) - -1?
-34
What is (-191 - (-174 - 13)) + 0 + 1 + -6?
-9
Calculate 7 + (1 + (6 - 8 - 0) - -2).
8
What is 12 - (2 - (7 + -6) - -5)?
6
0 + 21 + -11 - (2 - 2 - -7)
3
What is -8 - (-8 - (17 + -7))?
10
Calculate 0 + 4 - (-22 + 23).
3
Calculate 2 + (4 - 7) - (3 + 13 + -19).
2
What is the value of (-8 - 20) + 47 + -27?
-8
Evaluate -16 + (34 + -55 - -64).
27
What is 21 + 10 + -33 + 0 + 12?
10
Evaluate (5 + 4 - 0) + (-1 - 1).
7
What is 4 + (5 - 24) + 2 + 22?
9
389 + -404 - (0 + -18)
3
Evaluate -8 - (19 + -11) - (0 + -1).
-15
4 - (0 + -7 - -17 - 1) - 9
-14
Calculate -48 + 52 - 20 - (0 - -10).
-26
What is the value of -1 + 15 + (-28 - -26) + -7?
5
What is 6 - -2 - (2 - 1) - (-693 - -691)?
9
What is the value of 8 + (-11 - (-1 - (11 - 12)))?
-3
What is 9 - (-14 + -4 + 34)?
-7
What is -3 - (4 - (-5 - (-18 + (4 - 4))))?
6
Calculate 10 - ((-73 - -68) + (2 - -42)).
-29
What is -18 + 44 + -53 + -9?
-36
What is (13 - 6 - 0) + -8 + -6 + 7?
0
What is 3 + (-10 + 3 - (22 + -24))?
-2
Calculate -35 + -3 + -5 + (0 - -7) + 8.
-28
Evaluate 14 - -2 - (7 + 1).
8
What is 11 + 0 - (3 - (-9 + 5 - -11))?
15
What is -11 - (-24 - (-21 - -13))?
5
2 + -12 + 46 + -17
19
What is the value of 4 - 6 - (-9 - (-3 + 0))?
4
What is the value of 22 - (4 - (-10 - -6 - -1))?
15
Calculate 4 + 16 + -27 + -4.
-11
What is (-1051 - -1078) + 2 + -52?
-23
Evaluate 0 + -1 + -483 + 474.
-10
Evaluate (-7 - -15) + (-13 - -3).
-2
What is the value of (-12 - -3 - -33) + -11?
13
Evaluate (-13 + 0 - (-258 - -265)) + -8.
-28
22 - (-16 - -40) - (-3 + -8)
9
What is the value of -43 + 17 - (3 - 48)?
19
-2 + -19 + (7 - 2) + -16
-32
What is the value of (-54 - -48) + (9 - 1) + 3 + -30?
-25
-45 - (-1 + 10 - -5 - 24)
-35
What is the value of 14 - (11 + 26 + -12 + 8)?
-19
What is -10 + (14 - (9 + 0) - -6)?
1
Calculate (-8 - 3) + -1 + (-2 - 0).
-14
What is the value of 20 + -6 - -27 - (2 - -2)?
37
Calculate (15 - (5 + 0)) + (1 + 5 - 10).
6
What is the value of (6 - (-10 + 24)) + -2?
-10
Calculate (4 + 2 - 9) + (-3 - 8).
-14
(-7 + -3 - -23) + (2 - 3)
12
What is the value of (-2 - (-3 + 1) - (0 - -2)) + -3?
-5
What is -16 - (-25 - (-4 - -5)) - 12?
-2
What is 1 + (62 - 61) + (1 - -2) + 4?
9
What is the value of (-2 - 10) + 2 + -9 + 32?
13
What is (-16 - (9 + -20)) + 2 + 3 + 1?
1
Evaluate -10 - -20 - 7 - 10.
-7
What is 958 - 949 - (5 + (-2 - -5 - 2))?
3
Evaluate 12 - 8 - -2 - 3.
3
What is the value of -77 - (-95 - 6) - (-1 - 1)?
26
Evaluate (-21 - (4 + -9) - -13) + 1.
-2
Evaluate -17 + (-4 + 9 + 24 - -12).
24
21 - (10 + (1 + 8 - 14))
16
What is the value of -4 + 7 + (9 - 3) + 19 + -21?
7
What is the value of 14 - 14 - (19 + -5 - 21)?
7
-10 - 6 - (-59 + 27 - -34)
-18
What is 5 + -13 - (-12 + 16 + 6)?
-18
What is the value of 3 + (-3 + (1 - 1) + 6 - 7)?
-1
Evaluate 12 + (-10 - (-5 - 1 - -1)) + -26.
-19
Evaluate -16 - (-7 + -33 - -5).
19
Calculate -18 + (21 + -10 - -16).
9
What is the value of 9 + -12 + -8 + 2?
-9
Calculate (1 - 8 - 2 - -6) + 2.
-1
What is the value of (0 + -3 - (-7 - (-9 + 12))) + -20?
-13
What is -1 + -1 + 4 + 1 + (0 - -3)?
6
4 - (-1 + 12 - 0)
-7
Calculate 20 + (47 - 45 - (4 - 0)).
18
Evaluate -3 - (13 + -14) - 6.
-8
-5 - (15 + -9 - 0)
-11
Calculate 11 + -37 + 20 + 18.
12
What is the value of (11 - (19 - 5)) + 4 + (-3 - -3)?
1
What is (-103 - -103) + -1 + -18 + 3?
-16
What is (5 - (0 + 0)) + (2 - -1 - 4)?
4
Calculate -20 - ((3 - (3 + 0)) + (60 - 62)).
-18
Evaluate (0 + 0 - 9) + (37 - 14).
14
(-21 - -14) + 12 + -15
-10
-1 + -1 - (-6 - -3 - 2)
3
Calculate -20 - (-40 + 29 - 6).
-3
-17 - -1 - (-621 + 600)
5
Evaluate -50 + 54 + (2 - 0) + -10.
-4
What is the value of 22 + (8 - -6 - 28)?
8
Calculate -9 + (37 + -16 - -9) + -13.
8
-12 - (-15 + (-7 - -6)) - 2
2
Calculate -1 + 5 - (38 + (-5 - 9 - 1)).
-19
-5 + 0 - -2 - (33 + (-71 - -27))
8
What is the value of -1 + 10 + (25 - 30) - (-16 - -24)?
-4
Evaluate -9 + (0 - 2) + (10 - 7 - -2).
-6
Evaluate 4 - 2 - (5 - (0 - (-5 - -4))).
-2
25 + -4 + 28 + -32
17
Calculate -17 - (-3 + -1 + 138 + -135).
-16
Evaluate -1 + (11 - 7) + -5 + 6.
4
10 + 8 - 17 - (-1 - -9)
-7
What is the value of 22 + -19 + 5 + -1?
7
Evaluate (177 - 173) + -1 + -5.
-2
Evaluate (-50 - 22) + 37 - -71.
36
Evaluate -3 + 2 + 5 - (-8 + (3 - 2)).
11
Evaluate (7 - -1) + (-6 - (-6 - 13) - 19).
2
What is the value of (1 - (-1 + 7) - -3 - -7) + -18?
-13
What is the value of 8 + 2 + (-7 - 5) - -15?
13
Calculate 2 + -1 - (-24 + -1 - (-104 + 87)).
9
Evaluate -12 + 15 + 6 - (9 - 1).
1
173 - 167 - (-14 + (0 - (2 + -1)))
21
Calculate -58 + 46 - (4 + -12).
-4
Calculate (0 - 13) + (6 - -19) - (2 + -2).
12
What is (10 - (-6 - -14)) + 4?
6
What is the value of 3 - (-44 + 54 + 0 + 1)?
-8
What is the value of -12 + 7 - 5 - (12 + -12) - 16?
-26
Calculate 3 - -34 - (57 + -19).
-1
What is (2 - 3) + 2 + 5 + 2 + -3?
5
Evaluate (4 - 1) + (-10 - -15).
8
(-9 - -4) + -3 + (-1 - -3) + -3
-9
Evaluate (-14 - (-1 - 1)) + (-63 - -65).
-10
1 - (-1 - 7 - (-18 + -3))
-12
What is (11 - (4 + -2)) + 1 + -2?
8
Evaluate 10 - ((30 + 0 - 14) + -15).
9
Calculate (7 - -1) + 0 + (11 - 19) + 6.
6
What is (-10 - (4 - 23)) + -9?
0
-36 - (-9 + -6) - (-3 - -8)
-26
Calculate -1 - (-14 + 24) - -11.
0
What is the value of (-437 - -427) + (-1 - -24)?
13
Evaluate -7 - -1 - (9 + -5 + -23).
13
Evaluate 9 - (3 - (9 + -17)) - -9.
7
What is the value of (1112 - 1101) + (1 - 36)?
-24
Evaluate (-4 - (0 - -5)) + 6.
-3
-1 + -3 + 16 + (-2 - -2) + 1
13
Evaluate -9 - -18 - 26 - -2.
-15
Calculate 6 - ((-5 + -2 - 0) + (13 - 0)).
0
Calculate (-1 - (-1 - -7)) + 6 + (4 - -1).
4
What is the value of (-20 - -40) + -12 + -15 - 8?
-15
Calculate 12 - ((6 - -7) + 1 + -22).
20
Evaluate -8 + (-8 - (-6 - -3) - 2).
-15
What is (-16 - -14) + -3 + 0 + -4 + -6?
-15
What is -52 + 47 - (-5 - 13)?
13
Calculate 24 + -17 + (12 - 3) - 5.
11
Calculate 7 + (5 - (9 - 8 - (0 + 1))).
12
Calculate -7 - (14 - 10) - (2 + -13 + 5).
-5
Calculate 5 + 9 + -6 + (-18 - (-14 + 22)).
-18
Calculate -33 + 23 + 17 + -42 + -1.
-36
Calculate 16 - 3 - ((-1 - -3) + (49 - 56)).
18
-7 - (-9 - (-9 - (4 + -7)))
-4
What is the value of -7 + 4 + 0 + -3?
-6
Evaluate (-12 + -15 - (-10 - -2)) + (2 - 2).
-19
Evaluate 8 + -19 + 4 + 30 + (-2 - -2).
23
Evaluate 13 + (10 + -15 - -4).
12
-7 + (-28 - -15) + 15
-5
What is the value of (1 - -7 - 7) + 8 - 6?
3
What is -20 + 12 + 0 + 6 + -7?
-9
Evaluate -8 + (25 - -3) + -9 - (1 + 6).
4
(5 - 3 - (-1 + -9)) + -3 + 26
35
(-6 - -16) + -12 - (-1 - (-4 - 4))
-9
What is (-15 + -2 - (-48 - -3